{"id":41,"date":"2014-08-04T11:01:18","date_gmt":"2014-08-04T14:01:18","guid":{"rendered":"http:\/\/celvmarilia.org.br\/w\/?page_id=41"},"modified":"2018-04-16T11:38:20","modified_gmt":"2018-04-16T14:38:20","slug":"eventos","status":"publish","type":"page","link":"https:\/\/celvmarilia.org.br\/w\/eventos\/","title":{"rendered":"EVENTOS"},"content":{"rendered":"<p>Nossa casa oferece palestras p\u00fablicas diariamente, temos tamb\u00e9m semanalmente 30 grupos de estudo, al\u00e9m de grupos de evangeliza\u00e7\u00e3o infantil, pr\u00e9 mocidade e mocidade.<\/p>\n<p>Tendo em vista todas estas atividades escolhemos algumas datas durante o ano para homenagearmos personalidades que tiveram relevancia para o movimento esp\u00edrita em nossa regi\u00e3o e no Brasil, promovendo palestras especiais com oradores de outras casas e localidades.<\/p>\n<p>Sendo que no anivers\u00e1rio do Centro fazemos uma semana de palestras especiais, que \u00e9 para que todos nossos frequentadores possam participar.<\/p>\n<h3>PALESTRAS COMEMORATIVAS ANUAIS<\/h3>\n<table>\n<tbody>\n<tr>\n<td><strong>DATA<\/strong><\/td>\n<td><strong>HOMENAGEADO<\/strong><\/td>\n<\/tr>\n<tr>\n<td>27 de fevereiro<\/td>\n<td>Manoel de Paula Sad<\/td>\n<\/tr>\n<tr>\n<td>02 de abril<\/td>\n<td>Francisco C\u00e2ndido Xavier<\/td>\n<\/tr>\n<tr>\n<td>01 de maio<\/td>\n<td>Eur\u00edpedes Barsanulfo<\/td>\n<\/tr>\n<tr>\n<td>29 de agosto<\/td>\n<td>Adolfo Bezerra de Meneses<\/td>\n<\/tr>\n<tr>\n<td>08 de setembro<\/td>\n<td>Anivers\u00e1rio Celv<\/td>\n<\/tr>\n<tr>\n<td>22 de setembro<\/td>\n<td>Cairbar Schutel<\/td>\n<\/tr>\n<tr>\n<td>03 de outubro<\/td>\n<td>Allan Kardec<\/td>\n<\/tr>\n<tr>\n<td>in\u00edcio de dezembro<\/td>\n<td>Confraterniza\u00e7\u00e3o<\/td>\n<\/tr>\n<\/tbody>\n<\/table>\n<hr \/>\n<h3>Agenda de Eventos<\/h3>\n<div id='gallery-1' class='gallery galleryid-41 gallery-columns-3 gallery-size-thumbnail'><figure class='gallery-item'>\n\t\t\t<div class='gallery-icon portrait'>\n\t\t\t\t<a href='https:\/\/celvmarilia.org.br\/w\/eventos\/psicografia_abril\/'><img loading=\"lazy\" decoding=\"async\" width=\"130\" height=\"130\" src=\"https:\/\/celvmarilia.org.br\/w\/wp-content\/uploads\/2018\/04\/psicografia_abril-130x130.jpg\" class=\"attachment-thumbnail size-thumbnail\" alt=\"\" aria-describedby=\"gallery-1-594\" srcset=\"https:\/\/celvmarilia.org.br\/w\/wp-content\/uploads\/2018\/04\/psicografia_abril-130x130.jpg 130w, https:\/\/celvmarilia.org.br\/w\/wp-content\/uploads\/2018\/04\/psicografia_abril-36x36.jpg 36w\" sizes=\"auto, 100vw\" \/><\/a>\n\t\t\t<\/div>\n\t\t\t\t<figcaption class='wp-caption-text gallery-caption' id='gallery-1-594'>\n\t\t\t\tPsicografia Consoladora\n\t\t\t\t<\/figcaption><\/figure><figure class='gallery-item'>\n\t\t\t<div class='gallery-icon portrait'>\n\t\t\t\t<a href='https:\/\/celvmarilia.org.br\/w\/eventos\/lasanha_abril\/'><img loading=\"lazy\" decoding=\"async\" width=\"130\" height=\"130\" src=\"https:\/\/celvmarilia.org.br\/w\/wp-content\/uploads\/2018\/04\/lasanha_abril-130x130.jpg\" class=\"attachment-thumbnail size-thumbnail\" alt=\"\" aria-describedby=\"gallery-1-593\" srcset=\"https:\/\/celvmarilia.org.br\/w\/wp-content\/uploads\/2018\/04\/lasanha_abril-130x130.jpg 130w, https:\/\/celvmarilia.org.br\/w\/wp-content\/uploads\/2018\/04\/lasanha_abril-36x36.jpg 36w\" sizes=\"auto, 100vw\" \/><\/a>\n\t\t\t<\/div>\n\t\t\t\t<figcaption class='wp-caption-text gallery-caption' id='gallery-1-593'>\n\t\t\t\tLasanha do CELV\n\t\t\t\t<\/figcaption><\/figure>\n\t\t<\/div>\n\n","protected":false},"excerpt":{"rendered":"<p>Nossa casa oferece palestras p\u00fablicas diariamente, temos tamb\u00e9m semanalmente 30 grupos de estudo, al\u00e9m de grupos de evangeliza\u00e7\u00e3o infantil, pr\u00e9 mocidade e mocidade. Tendo em vista todas estas atividades escolhemos algumas datas durante o ano para homenagearmos personalidades que tiveram relevancia para o movimento esp\u00edrita em nossa regi\u00e3o e no Brasil, promovendo palestras especiais com &hellip; <\/p>\n<p class=\"link-more\"><a href=\"https:\/\/celvmarilia.org.br\/w\/eventos\/\" class=\"more-link\">Continue lendo<span class=\"screen-reader-text\"> &#8220;EVENTOS&#8221;<\/span><\/a><\/p>\n","protected":false},"author":1,"featured_media":0,"parent":0,"menu_order":0,"comment_status":"open","ping_status":"open","template":"","meta":{"_exactmetrics_skip_tracking":false,"_exactmetrics_sitenote_active":false,"_exactmetrics_sitenote_note":"","_exactmetrics_sitenote_category":0,"footnotes":""},"class_list":["post-41","page","type-page","status-publish","hentry"],"post_mailing_queue_ids":[],"_links":{"self":[{"href":"https:\/\/celvmarilia.org.br\/w\/wp-json\/wp\/v2\/pages\/41","targetHints":{"allow":["GET"]}}],"collection":[{"href":"https:\/\/celvmarilia.org.br\/w\/wp-json\/wp\/v2\/pages"}],"about":[{"href":"https:\/\/celvmarilia.org.br\/w\/wp-json\/wp\/v2\/types\/page"}],"author":[{"embeddable":true,"href":"https:\/\/celvmarilia.org.br\/w\/wp-json\/wp\/v2\/users\/1"}],"replies":[{"embeddable":true,"href":"https:\/\/celvmarilia.org.br\/w\/wp-json\/wp\/v2\/comments?post=41"}],"version-history":[{"count":10,"href":"https:\/\/celvmarilia.org.br\/w\/wp-json\/wp\/v2\/pages\/41\/revisions"}],"predecessor-version":[{"id":595,"href":"https:\/\/celvmarilia.org.br\/w\/wp-json\/wp\/v2\/pages\/41\/revisions\/595"}],"wp:attachment":[{"href":"https:\/\/celvmarilia.org.br\/w\/wp-json\/wp\/v2\/media?parent=41"}],"curies":[{"name":"wp","href":"https:\/\/api.w.org\/{rel}","templated":true}]}}