{"id":34,"date":"2014-08-04T10:58:13","date_gmt":"2014-08-04T13:58:13","guid":{"rendered":"http:\/\/celvmarilia.org.br\/w\/?page_id=34"},"modified":"2014-08-04T10:58:13","modified_gmt":"2014-08-04T13:58:13","slug":"nossa-historia","status":"publish","type":"page","link":"https:\/\/celvmarilia.org.br\/w\/nossa-historia\/","title":{"rendered":"NOSSA HIST\u00d3RIA"},"content":{"rendered":"<p>O Centro Esp\u00edrita Luz e Verdade de Mar\u00edlia foi fundado no dia 08 de Setembro de 1936, sendo sua sede na resid\u00eancia do senhor Eloy Alves da Silva na Rua Mooca, 34, que atualmente chama-se Rua Almirante Tamandar\u00e9.<\/p>\n<p>Neste dia em assembl\u00e9ia presidida pelo senhor Zoroastro Alves de Souza e secretariada pelo senhor Antonio Cunha, foi eleita por aclama\u00e7\u00e3o a chapa proposta pelo senhor Jos\u00e9 Moreira Junior, com a seguinte composi\u00e7\u00e3o:<\/p>\n<p>Presidente: Manoel Alves Sobrinho<br \/>\nVice-Presidente: Jos\u00e9 Polon<br \/>\n1\u00ba. Secretario: Eloy Alves da Silva<br \/>\n2\u00ba. Secretario: Manoel Pereira<br \/>\n1\u00ba. Tesoureiro: Jo\u00e3o Polon<br \/>\n2\u00ba. Tesoureiro: Izabel Souza Nunes<br \/>\nOrador Oficial: Maria Nunes da Silva<\/p>\n<p>Nesta primeira reuni\u00e3o foi aprovado o primeiro estatuto, que estabelece em seu artigo 1\u00ba. que o Centro tem por fim o estudo e a pr\u00e1tica da Doutrina Esp\u00edrita, que vai enfatizado no artigo 13\u00ba. Cuja reda\u00e7\u00e3o diz: \u201cEm todas as reuni\u00f5es o Centro s\u00f3 aceitar\u00e1 a Doutrina Esp\u00edrita tal qual a propagou Allan Kardec\u201d.<\/p>\n<p>O primeiro Regimento Interno foi elaborado no dia 28 de Setembro de 1936. Em Outubro de 1936 o Centro transferiu-se da resid\u00eancia do senhor Eloy para sua primeira sede social localizada \u00e0 Rua Prudente de Moraes, 75, que foi inaugurada no dia 25, com a presen\u00e7a de aproximadamente 80 pessoas. A reuni\u00e3o foi presidida pelo senhor Manoel Alves Sobrinho e secretariada pelo senhor Romeu Maia Souto. Fizeram uso da palavra Manoel Augusto Miranda, Alfeu Cezar Pedroza, Lindolpho de Freitas Novaes, Zoroastro Alves de Souza, Christiano Nonnato e outros, sendo transcrito em ata os discursos dos dois primeiros.<\/p>\n<p>Em 1939 transfere-se para sua sede pr\u00f3pria e definitiva \u00e0 Rua Quinze de Novembro, s\/no., atualmente 1146. A sess\u00e3o inaugural aconteceu no dia 05 de Janeiro e foi presidida pelo senhor Hygino Muzy Filho, estando presente \u00e0 solenidade, o m\u00e9dico Dr. Antonio Pereira Manh\u00e3es, pediu a palavra e lan\u00e7ou a id\u00e9ia de funda\u00e7\u00e3o de um Hospital Esp\u00edrita em Mar\u00edlia, cujo objetivo principal seria atender os doentes mentais da cidade e da regi\u00e3o, que, quando violentos, aguardavam vagas em outras institui\u00e7\u00f5es, recolhidos \u00e0 cadeia p\u00fablica; o nome sugerido inicialmente seria Hospital Esp\u00edrita Deus. Naquele mesmo ano, o Dr. Manh\u00e3es contando com o aux\u00edlio dos m\u00e9dicos Dr. Domiciano de Castro Junior e Dr. Jos\u00e9 Bento Angelo Abatayguara, este \u00faltimo homeopata, deram inicio ao trabalho nos fundos do pr\u00f3prio Centro, e, em 18 de Julho de 1948 este sonho tornou-se realidade com a inaugura\u00e7\u00e3o do Hospital Esp\u00edrita de Mar\u00edlia como institui\u00e7\u00e3o independente.<\/p>\n<p>O Centro esp\u00edrita Luz e Verdade, desde sua funda\u00e7\u00e3o, mant\u00e9m sua miss\u00e3o inalterada, estando registrado no Estatuto atual no artigo primeiro que: \u201co Centro tem por finalidade a propaga\u00e7\u00e3o da Doutrina Esp\u00edrita, nos moldes da codifica\u00e7\u00e3o feita por Allan Kardec, constantes dos princ\u00edpios b\u00e1sicos do Espiritismo, notadamente do Evangelho de Jesus Cristo, segundo a Doutrina dos Esp\u00edritos\u201d.<\/p>\n","protected":false},"excerpt":{"rendered":"<p>O Centro Esp\u00edrita Luz e Verdade de Mar\u00edlia foi fundado no dia 08 de Setembro de 1936, sendo sua sede na resid\u00eancia do senhor Eloy Alves da Silva na Rua Mooca, 34, que atualmente chama-se Rua Almirante Tamandar\u00e9. Neste dia em assembl\u00e9ia presidida pelo senhor Zoroastro Alves de Souza e secretariada pelo senhor Antonio Cunha, &hellip; <\/p>\n<p class=\"link-more\"><a href=\"https:\/\/celvmarilia.org.br\/w\/nossa-historia\/\" class=\"more-link\">Continue lendo<span class=\"screen-reader-text\"> &#8220;NOSSA HIST\u00d3RIA&#8221;<\/span><\/a><\/p>\n","protected":false},"author":1,"featured_media":0,"parent":0,"menu_order":0,"comment_status":"open","ping_status":"open","template":"","meta":{"_exactmetrics_skip_tracking":false,"_exactmetrics_sitenote_active":false,"_exactmetrics_sitenote_note":"","_exactmetrics_sitenote_category":0,"footnotes":""},"class_list":["post-34","page","type-page","status-publish","hentry"],"post_mailing_queue_ids":[],"_links":{"self":[{"href":"https:\/\/celvmarilia.org.br\/w\/wp-json\/wp\/v2\/pages\/34","targetHints":{"allow":["GET"]}}],"collection":[{"href":"https:\/\/celvmarilia.org.br\/w\/wp-json\/wp\/v2\/pages"}],"about":[{"href":"https:\/\/celvmarilia.org.br\/w\/wp-json\/wp\/v2\/types\/page"}],"author":[{"embeddable":true,"href":"https:\/\/celvmarilia.org.br\/w\/wp-json\/wp\/v2\/users\/1"}],"replies":[{"embeddable":true,"href":"https:\/\/celvmarilia.org.br\/w\/wp-json\/wp\/v2\/comments?post=34"}],"version-history":[{"count":1,"href":"https:\/\/celvmarilia.org.br\/w\/wp-json\/wp\/v2\/pages\/34\/revisions"}],"predecessor-version":[{"id":35,"href":"https:\/\/celvmarilia.org.br\/w\/wp-json\/wp\/v2\/pages\/34\/revisions\/35"}],"wp:attachment":[{"href":"https:\/\/celvmarilia.org.br\/w\/wp-json\/wp\/v2\/media?parent=34"}],"curies":[{"name":"wp","href":"https:\/\/api.w.org\/{rel}","templated":true}]}}